{"id":574,"date":"2019-01-29T12:11:23","date_gmt":"2019-01-29T12:11:23","guid":{"rendered":"https:\/\/diana-st-work.colibriwp.com\/default-restaurant\/?page_id=574"},"modified":"2025-02-20T17:32:56","modified_gmt":"2025-02-20T17:32:56","slug":"about-2","status":"publish","type":"page","link":"https:\/\/foodtopiahn.com\/index.php\/about-2\/","title":{"rendered":"Con\u00f3cenos"},"content":{"rendered":"<div data-colibri-id=\"574-c1\" class=\"style-623 style-local-574-c1 position-relative\">\n  <!---->\n  <div data-colibri-component=\"section\" data-colibri-id=\"574-c2\" id=\"About\" class=\"h-section h-section-global-spacing d-flex align-items-lg-center align-items-md-center align-items-center style-624 style-local-574-c2 position-relative\">\n    <!---->\n    <!---->\n    <div class=\"h-section-grid-container h-section-boxed-container\">\n      <div data-colibri-id=\"574-c7\" class=\"h-row-container gutters-row-lg-2 gutters-row-md-2 gutters-row-2 gutters-row-v-lg-2 gutters-row-v-md-2 gutters-row-v-2 style-629 style-local-574-c7 position-relative\">\n        <!---->\n        <div class=\"h-row justify-content-lg-center justify-content-md-center justify-content-center align-items-lg-stretch align-items-md-stretch align-items-stretch gutters-col-lg-2 gutters-col-md-2 gutters-col-2 gutters-col-v-lg-2 gutters-col-v-md-2 gutters-col-v-2\">\n          <!---->\n          <div class=\"h-column h-column-container d-flex h-col-lg-auto h-col-md-auto h-col-auto style-630-outer style-local-574-c8-outer\">\n            <div data-colibri-id=\"574-c8\" class=\"d-flex h-flex-basis h-column__inner h-px-lg-2 h-px-md-2 h-px-2 v-inner-lg-2 v-inner-md-2 v-inner-2 style-630 style-local-574-c8 position-relative\">\n              <!---->\n              <!---->\n              <div class=\"w-100 h-y-container h-column__content h-column__v-align flex-basis-100 align-self-lg-start align-self-md-start align-self-start\">\n                <!---->\n                <div data-colibri-id=\"574-c9\" class=\"h-global-transition-all h-heading style-632 style-local-574-c9 position-relative h-element\">\n                  <!---->\n                  <div class=\"h-heading__outer style-632 style-local-574-c9\">\n                    <!---->\n                    <!---->\n                    <h2 class=\"\"><strong style=\"font-size: 64%; font-family: Montserrat;\">\u00bfQUI\u00c9NES SOMOS?<\/strong><\/h2>\n                  <\/div>\n                <\/div>\n                <div data-colibri-id=\"574-c10\" class=\"h-lead h-text h-text-component style-633 style-local-574-c10 position-relative h-element\">\n                  <!---->\n                  <!---->\n                  <div class=\"\">\n                    <p><span style=\"font-family: Montserrat; font-size: 79%; color: rgb(24, 39, 46);\" data-sider-select-id=\"91fe7a55-b188-4f15-8f5c-60238b257b60\">Foodtopia surge de la pasi\u00f3n por el marketing y la gastronom\u00eda. Somos un equipo joven y en constante formaci\u00f3n, comprometido con transformar los estereotipos gastron\u00f3micos en Honduras. Motivados por la creatividad y la innovaci\u00f3n, tenemos un objetivo claro: solucionar los desaf\u00edos de tu restaurante, hotel o caf\u00e9, captando la atenci\u00f3n de tus comensales y convirti\u00e9ndolos en clientes leales.<\/span><\/p>\n                  <\/div>\n                <\/div>\n              <\/div>\n            <\/div>\n          <\/div>\n        <\/div>\n      <\/div>\n      <div data-colibri-id=\"574-c3\" class=\"h-row-container gutters-row-lg-0 gutters-row-md-0 gutters-row-0 gutters-row-v-lg-0 gutters-row-v-md-0 gutters-row-v-0 style-625 style-local-574-c3 h-overflow-hidden position-relative\">\n        <!---->\n        <div class=\"h-row justify-content-lg-center justify-content-md-center justify-content-center align-items-lg-center align-items-md-center align-items-center gutters-col-lg-0 gutters-col-md-0 gutters-col-0 gutters-col-v-lg-0 gutters-col-v-md-0 gutters-col-v-0\">\n          <!---->\n          <div class=\"h-column h-column-container d-flex h-col-lg-auto h-col-md-auto h-col-auto align-self-lg-center align-self-md-center align-self-center style-626-outer style-local-574-c4-outer\">\n            <div data-colibri-id=\"574-c4\" class=\"d-flex h-flex-basis h-column__inner h-ui-empty-state-container h-px-lg-0 h-px-md-0 h-px-0 v-inner-lg-0 v-inner-md-0 v-inner-0 style-626 style-local-574-c4 position-relative\">\n              <!---->\n              <!---->\n              <div class=\"w-100 h-y-container h-column__content h-column__v-align flex-basis-100\">\n                <!---->\n              <\/div>\n            <\/div>\n          <\/div>\n          <div class=\"h-column h-column-container d-flex h-col-lg-auto h-col-md-auto h-col-auto align-self-lg-center align-self-md-center align-self-center style-627-outer style-local-574-c5-outer\">\n            <div data-colibri-id=\"574-c5\" class=\"d-flex h-flex-basis h-column__inner h-ui-empty-state-container h-px-lg-0 h-px-md-0 h-px-0 v-inner-lg-0 v-inner-md-0 v-inner-0 style-627 style-local-574-c5 position-relative\">\n              <!---->\n              <!---->\n              <div class=\"w-100 h-y-container h-column__content h-column__v-align flex-basis-100\">\n                <!---->\n              <\/div>\n            <\/div>\n          <\/div>\n          <div class=\"h-column h-column-container d-flex h-col-lg-auto h-col-md-auto h-col-auto align-self-lg-center align-self-md-center align-self-center style-628-outer style-local-574-c6-outer\">\n            <div data-colibri-id=\"574-c6\" class=\"d-flex h-flex-basis h-column__inner h-ui-empty-state-container h-px-lg-0 h-px-md-0 h-px-0 v-inner-lg-0 v-inner-md-0 v-inner-0 style-628 style-local-574-c6 position-relative\">\n              <!---->\n              <!---->\n              <div class=\"w-100 h-y-container h-column__content h-column__v-align flex-basis-100\">\n                <!---->\n              <\/div>\n            <\/div>\n          <\/div>\n        <\/div>\n      <\/div>\n    <\/div>\n  <\/div>\n  <div data-colibri-component=\"section\" data-colibri-id=\"574-c11\" id=\"Content\" class=\"h-section h-section-global-spacing d-flex align-items-lg-center align-items-md-center align-items-center style-636 style-local-574-c11 position-relative\">\n    <!---->\n    <!---->\n    <div class=\"h-section-grid-container h-section-boxed-container\">\n      <!---->\n      <div data-colibri-id=\"574-c12\" class=\"h-row-container gutters-row-lg-0 gutters-row-md-0 gutters-row-0 gutters-row-v-lg-0 gutters-row-v-md-0 gutters-row-v-0 style-637 style-local-574-c12 position-relative\">\n        <!---->\n        <div class=\"h-row justify-content-lg-center justify-content-md-center justify-content-center align-items-lg-stretch align-items-md-stretch align-items-stretch gutters-col-lg-0 gutters-col-md-0 gutters-col-0 gutters-col-v-lg-0 gutters-col-v-md-0 gutters-col-v-0\">\n          <!---->\n          <div class=\"h-column h-column-container d-flex h-col-lg-auto h-col-md-auto h-col-auto style-638-outer style-local-574-c13-outer\">\n            <div data-colibri-id=\"574-c13\" class=\"d-flex h-flex-basis h-column__inner h-px-lg-0 h-px-md-0 h-px-0 v-inner-lg-0 v-inner-md-0 v-inner-0 style-638 style-local-574-c13 position-relative\">\n              <!---->\n              <!---->\n              <div class=\"w-100 h-y-container h-column__content h-column__v-align flex-basis-100 align-self-lg-center align-self-md-center align-self-center\">\n                <!---->\n                <div data-colibri-id=\"574-c14\" class=\"h-global-transition-all h-heading style-640 style-local-574-c14 position-relative h-element\">\n                  <!---->\n                  <div class=\"h-heading__outer style-640 style-local-574-c14\">\n                    <!---->\n                    <!---->\n                    <h3 class=\"\"><strong style=\"font-size: 64%; font-family: Montserrat;\">MISI\u00d3N<\/strong><\/h3>\n                  <\/div>\n                <\/div>\n                <div data-colibri-id=\"574-c15\" class=\"h-text h-text-component style-641 style-local-574-c15 position-relative h-element\">\n                  <!---->\n                  <!---->\n                  <div class=\"\">\n                    <p><span style=\"font-size: 79%; font-weight: 300; font-family: Montserrat; color: rgb(24, 39, 46);\" data-sider-select-id=\"e439d423-a787-4a70-be79-d87e9784a9a1\">En Foodtopia Agencia de Gastromarketing, nos dedicamos a redefinir la experiencia gastron\u00f3mica en Honduras, elevando los est\u00e1ndares culinarios para inspirar la creatividad y posicionarnos como el catalizador de la innovaci\u00f3n en el mundo gastron\u00f3mico. Nos enfocamos especialmente en el sector HORECA (Hoteles, Restaurantes y Cafeter\u00edas).<\/span><\/p>\n                  <\/div>\n                <\/div>\n              <\/div>\n            <\/div>\n          <\/div>\n          <div class=\"h-column h-column-container d-flex h-col-lg-auto h-col-md-auto h-col-auto style-645-outer style-local-574-c16-outer\">\n            <div data-colibri-id=\"574-c16\" class=\"d-flex h-flex-basis h-column__inner h-ui-empty-state-container h-px-lg-0 h-px-md-0 h-px-0 v-inner-lg-0 v-inner-md-0 v-inner-0 style-645 style-local-574-c16 position-relative\">\n              <!---->\n              <!---->\n              <div class=\"w-100 h-y-container h-column__content h-column__v-align flex-basis-100\">\n                <!---->\n              <\/div>\n            <\/div>\n          <\/div>\n        <\/div>\n      <\/div>\n    <\/div>\n  <\/div>\n  <div data-colibri-component=\"section\" data-colibri-id=\"574-c17\" id=\"Content 2\" class=\"h-section h-section-global-spacing d-flex align-items-lg-center align-items-md-center align-items-center style-646 style-local-574-c17 position-relative\">\n    <!---->\n    <!---->\n    <div class=\"h-section-grid-container h-section-boxed-container\">\n      <!---->\n      <div data-colibri-id=\"574-c18\" class=\"h-row-container gutters-row-lg-0 gutters-row-md-0 gutters-row-0 gutters-row-v-lg-0 gutters-row-v-md-0 gutters-row-v-0 style-647 style-local-574-c18 position-relative\">\n        <!---->\n        <div class=\"h-row justify-content-lg-center justify-content-md-center justify-content-center align-items-lg-stretch align-items-md-stretch align-items-stretch gutters-col-lg-0 gutters-col-md-0 gutters-col-0 gutters-col-v-lg-0 gutters-col-v-md-0 gutters-col-v-0\">\n          <!---->\n          <div class=\"h-column h-column-container d-flex h-col-lg-auto h-col-md-auto h-col-auto style-648-outer style-local-574-c19-outer\">\n            <div data-colibri-id=\"574-c19\" class=\"d-flex h-flex-basis h-column__inner h-ui-empty-state-container h-px-lg-0 h-px-md-0 h-px-0 v-inner-lg-0 v-inner-md-0 v-inner-0 style-648 style-local-574-c19 position-relative\">\n              <!---->\n              <!---->\n              <div class=\"w-100 h-y-container h-column__content h-column__v-align flex-basis-100\">\n                <!---->\n              <\/div>\n            <\/div>\n          <\/div>\n          <div class=\"h-column h-column-container d-flex h-col-lg-auto h-col-md-auto h-col-auto style-649-outer style-local-574-c20-outer\">\n            <div data-colibri-id=\"574-c20\" class=\"d-flex h-flex-basis h-column__inner h-px-lg-2 h-px-md-2 h-px-2 v-inner-lg-2 v-inner-md-2 v-inner-2 style-649 style-local-574-c20 position-relative\">\n              <!---->\n              <!---->\n              <div class=\"w-100 h-y-container h-column__content h-column__v-align flex-basis-100 align-self-lg-center align-self-md-center align-self-center\">\n                <!---->\n                <div data-colibri-id=\"574-c21\" class=\"h-global-transition-all h-heading style-651 style-local-574-c21 position-relative h-element\">\n                  <!---->\n                  <div class=\"h-heading__outer style-651 style-local-574-c21\">\n                    <!---->\n                    <!---->\n                    <h3 class=\"\"><strong data-sider-select-id=\"f093d509-76b2-48e1-b988-116e00492606\" style=\"font-size: 64%;\">VISI\u00d3N<\/strong><\/h3>\n                  <\/div>\n                <\/div>\n                <div data-colibri-id=\"574-c22\" class=\"h-text h-text-component style-652 style-local-574-c22 position-relative h-element\">\n                  <!---->\n                  <!---->\n                  <div class=\"\">\n                    <p><span style=\"font-family: Montserrat; color: rgb(24, 39, 46); font-weight: 300; font-size: 79%;\" data-sider-select-id=\"6df7fbc6-ae4b-4626-aa66-385d41a141d5\">Ser reconocidos como el referente indiscutible en Gastromarketing en Honduras, actuando como la fuerza impulsora detr\u00e1s de la innovaci\u00f3n, la creatividad y la creaci\u00f3n de experiencias gastron\u00f3micas \u00fanicas. Buscamos inspirar a chefs, restaurantes y amantes de la gastronom\u00eda a trav\u00e9s de nuestros servicios, contribuyendo a posicionar a Honduras como un destino gastron\u00f3mico de renombre internacional.<\/span><\/p>\n                  <\/div>\n                <\/div>\n              <\/div>\n            <\/div>\n          <\/div>\n        <\/div>\n      <\/div>\n    <\/div>\n  <\/div>\n<\/div>","protected":false},"excerpt":{"rendered":"<p>\u00bfQUI\u00c9NES SOMOS? Foodtopia surge de la pasi\u00f3n por el marketing y la gastronom\u00eda. Somos un equipo joven y en constante formaci\u00f3n, comprometido con transformar los estereotipos gastron\u00f3micos en Honduras. Motivados por la creatividad y la innovaci\u00f3n, tenemos un objetivo claro: solucionar los desaf\u00edos de tu restaurante, hotel o caf\u00e9, captando la atenci\u00f3n de tus comensales [&hellip;]<\/p>\n","protected":false},"author":1,"featured_media":0,"parent":0,"menu_order":0,"comment_status":"closed","ping_status":"closed","template":"page-templates\/full-width-page.php","meta":{"footnotes":""},"class_list":["post-574","page","type-page","status-publish","hentry"],"aioseo_notices":[],"_links":{"self":[{"href":"https:\/\/foodtopiahn.com\/index.php\/wp-json\/wp\/v2\/pages\/574","targetHints":{"allow":["GET"]}}],"collection":[{"href":"https:\/\/foodtopiahn.com\/index.php\/wp-json\/wp\/v2\/pages"}],"about":[{"href":"https:\/\/foodtopiahn.com\/index.php\/wp-json\/wp\/v2\/types\/page"}],"author":[{"embeddable":true,"href":"https:\/\/foodtopiahn.com\/index.php\/wp-json\/wp\/v2\/users\/1"}],"replies":[{"embeddable":true,"href":"https:\/\/foodtopiahn.com\/index.php\/wp-json\/wp\/v2\/comments?post=574"}],"version-history":[{"count":20,"href":"https:\/\/foodtopiahn.com\/index.php\/wp-json\/wp\/v2\/pages\/574\/revisions"}],"predecessor-version":[{"id":2989,"href":"https:\/\/foodtopiahn.com\/index.php\/wp-json\/wp\/v2\/pages\/574\/revisions\/2989"}],"wp:attachment":[{"href":"https:\/\/foodtopiahn.com\/index.php\/wp-json\/wp\/v2\/media?parent=574"}],"curies":[{"name":"wp","href":"https:\/\/api.w.org\/{rel}","templated":true}]}}